common factor of 187 and 391?
17
What is the highest common factor of 236 and 1829?
59
Calculate the highest common divisor of 34 and 799.
17
What is the highest common divisor of 264 and 330?
66
Calculate the greatest common divisor of 26 and 247.
13
Calculate the highest common divisor of 91 and 6097.
91
What is the highest common divisor of 6 and 134?
2
What is the greatest common factor of 2552 and 12?
4
What is the highest common factor of 240 and 4950?
30
Calculate the greatest common divisor of 1072 and 32.
16
What is the greatest common factor of 12116 and 13?
13
What is the highest common divisor of 2064 and 240?
48
What is the highest common divisor of 168 and 60?
12
Calculate the greatest common divisor of 1587 and 69.
69
Calculate the highest common divisor of 24 and 984.
24
What is the highest common factor of 19 and 475?
19
Calculate the highest common factor of 3198 and 234.
78
What is the greatest common divisor of 20367 and 219?
219
Calculate the greatest common factor of 4436 and 8.
4
Calculate the highest common divisor of 14 and 1246.
14
Calculate the greatest common factor of 888 and 120.
24
What is the highest common divisor of 477 and 20670?
159
Calculate the greatest common factor of 9226 and 56.
14
Calculate the highest common divisor of 23 and 828.
23
What is the greatest common factor of 243 and 72?
9
Calculate the greatest common divisor of 592 and 48.
16
Calculate the greatest common factor of 4726 and 68.
34
Calculate the greatest common divisor of 8 and 124.
4
What is the greatest common divisor of 858 and 52?
26
Calculate the highest common divisor of 1339 and 117.
13
What is the greatest common divisor of 22 and 36?
2
What is the highest common divisor of 33 and 957?
33
What is the highest common divisor of 1624 and 56?
56
Calculate the greatest common factor of 1537 and 53.
53
Calculate the highest common factor of 13 and 40.
1
What is the greatest common divisor of 15 and 39885?
15
Calculate the greatest common factor of 1509 and 3.
3
Calculate the greatest common factor of 47 and 1692.
47
What is the highest common divisor of 24 and 6606?
6
Calculate the highest common factor of 494 and 57.
19
Calculate the greatest common factor of 351 and 26.
13
Calculate the greatest common divisor of 36 and 4302.
18
What is the highest common factor of 1920 and 45?
15
Calculate the highest common divisor of 162 and 4320.
54
Calculate the highest common factor of 1292 and 684.
76
Calculate the greatest common divisor of 285 and 1805.
95
Calculate the greatest common divisor of 216 and 3312.
72
What is the greatest common factor of 96 and 3444?
12
What is the highest common divisor of 2128 and 1197?
133
What is the greatest common factor of 175 and 56?
7
Calculate the greatest common factor of 221 and 170.
17
Calculate the highest common factor of 644 and 184.
92
Calculate the greatest common factor of 7 and 49.
7
What is the greatest common divisor of 194 and 10282?
194
Calculate the greatest common factor of 25 and 425.
25
Calculate the greatest common factor of 54 and 612.
18
What is the highest common divisor of 90 and 81?
9
What is the highest common divisor of 45 and 18?
9
What is the highest common factor of 408 and 51?
51
Calculate the highest common factor of 36390 and 30.
30
Calculate the greatest common divisor of 118 and 6254.
118
Calculate the greatest common divisor of 132 and 484.
44
What is the highest common factor of 4930 and 40?
10
Calculate the highest common divisor of 13 and 4381.
13
Calculate the highest common factor of 86 and 54094.
86
What is the greatest common factor of 46 and 299?
23
Calculate the highest common factor of 24 and 8328.
24
What is the greatest common divisor of 11 and 1067?
11
Calculate the highest common factor of 80 and 200.
40
What is the greatest common factor of 147 and 42?
21
Calculate the greatest common divisor of 37 and 71447.
37
What is the highest common divisor of 185 and 814?
37
Calculate the greatest common divisor of 104 and 16.
8
Calculate the highest common divisor of 115 and 1863.
23
What is the highest common divisor of 2506 and 238?
14
What is the highest common factor of 450 and 30?
30
Calculate the greatest common divisor of 9 and 243.
9
What is the highest common factor of 19 and 31673?
19
What is the greatest common factor of 72 and 2328?
24
Calculate the highest common divisor of 27 and 11043.
27
What is the highest common factor of 13827 and 33?
33
What is the highest common divisor of 780 and 1716?
156
Calculate the greatest common factor of 76 and 1330.
38
What is the highest common factor of 424 and 53?
53
Calculate the highest common factor of 540 and 240.
60
Calculate the greatest common factor of 10 and 235.
5
Calculate the greatest common divisor of 860 and 20.
20
Calculate the greatest common divisor of 81 and 76221.
81
What is the highest common divisor of 85 and 33065?
85
What is the highest common factor of 24 and 2676?
12
What is the highest common factor of 364 and 299?
13
What is the highest common divisor of 58 and 928?
58
What is the greatest common divisor of 640 and 16?
16
Calculate the greatest common divisor of 3000 and 72.
24
What is the highest common factor of 265 and 371?
53
What is the greatest common divisor of 1385 and 8033?
277
Calculate the greatest common factor of 51 and 272.
17
Calculate the greatest common factor of 2 and 7198.
2
Calculate the greatest common divisor of 6541 and 211.
211
Calculate the highest common divisor of 320 and 5.
5
Calculate the greatest common divisor of 84 and 1134.
42
What is the highest common divisor of 4432 and 208?
16
What is the greatest common divisor of 1110 and 30?
30
Calculate the greatest common factor of 2325 and 93.
93
Calculate the highest common factor of 111909 and 21.
21
Calculate the highest common divisor of 75 and 1475.
25
Calculate the greatest common divisor of 3652 and 88.
44
What is the greatest common factor of 260 and 455?
65
What is the highest common factor of 2445 and 15?
15
Calculate the highest common divisor of 528 and 594.
66
Calculate the highest common factor of 18600 and 30.
30
What is the highest common factor of 28 and 2576?
28
Calculate the greatest common factor of 1701 and 1071.
63
What is the highest common factor of 136 and 476?
68
Calculate the greatest common factor of 1500 and 625.
125
What is the highest common divisor of 150 and 10?
10
Calculate the highest common divisor of 20 and 6240.
20
What is the highest common divisor of 85 and 2380?
85
What is the highest common factor of 24 and 1304?
8
What is the greatest common divisor of 729 and 54?
27
Calculate the highest common factor of 184 and 4117.
23
Calculate the highest common factor of 36 and 2034.
18
What is the greatest common factor of 296 and 259?
37
What is the greatest common divisor of 442 and 34?
34
What is the greatest common factor of 64 and 6160?
16
Calculate the highest common divisor of 975 and 15.
15
What is the highest common factor of 2009 and 98?
49
Calculate the greatest common divisor of 6 and 1086.
6
What is the highest common divisor of 258 and 13846?
86
What is the highest common factor of 836 and 1463?
209
Calculate the greatest common divisor of 120 and 170.
10
What is the highest common divisor of 1150 and 50?
50
What is the greatest common divisor of 2160 and 80?
80
Calculate the greatest common divisor of 9 and 39.
3
What is the greatest common divisor of 2788 and 123?
41
Calculate the highest common factor of 12 and 888.
12
Calculate the greatest common factor of 60 and 1470.
30
What is the greatest common factor of 28 and 2471?
7
What is the highest common divisor of 39 and 156?
39
What is the highest common divisor of 2955 and 30?
15
Calculate the highest common divisor of 34 and 6766.
34
Calculate the greatest common factor of 56250 and 75.
75
What is the highest common factor of 15663 and 483?
69
Calculate the greatest common factor of 8 and 218.
2
Calculate the highest common divisor of 1711 and 87.
29
Calculate the highest common divisor of 33 and 110.
11
What is the highest common divisor of 20115 and 30?
15
What is the highest common factor of 3762 and 1482?
114
What is the highest common divisor of 13 and 806?
13
What is the highest common factor of 85